{"id":707,"date":"2026-01-09T16:37:16","date_gmt":"2026-01-09T14:37:16","guid":{"rendered":"https:\/\/theatre-des-loges.fr\/?page_id=707"},"modified":"2026-01-09T17:44:55","modified_gmt":"2026-01-09T15:44:55","slug":"sauvegardons-le-theatre-des-loges-un-beau-lavoir-du-xix-eme-siecle-a-pantin","status":"publish","type":"page","link":"https:\/\/theatre-des-loges.fr\/index.php\/sauvegardons-le-theatre-des-loges-un-beau-lavoir-du-xix-eme-siecle-a-pantin\/","title":{"rendered":"Sauvegardons le Th\u00e9\u00e2tre des Loges, un beau lavoir du XIX \u00e8me si\u00e8cle \u00e0 Pantin\u00a0!"},"content":{"rendered":"\n<div class=\"wp-block-columns is-layout-flex wp-container-core-columns-is-layout-28f84493 wp-block-columns-is-layout-flex\">\n<div class=\"wp-block-column is-layout-flow wp-block-column-is-layout-flow\">\n<p>Dans le cadre d\u2019un projet de r\u00e9novation urbaine, la municipalit\u00e9 de Pantin, dirig\u00e9e par M. Bertrand Kern et la communaut\u00e9 de communes d\u2019Est-Ensemble ont d\u00e9cid\u00e9, <strong>sans concertation<\/strong>, la destruction de ce lieu. La menace se pr\u00e9cise depuis qu\u2019en juin 2025, la Soreqa, une soci\u00e9t\u00e9 publique agissant pour le compte de la mairie, est devenue notre propri\u00e9taire.<\/p>\n\n\n\n<div class=\"wp-block-group has-global-padding is-layout-constrained wp-block-group-is-layout-constrained\">\n<div class=\"wp-block-media-text has-media-on-the-right is-stacked-on-mobile is-vertically-aligned-top is-image-fill-element\" style=\"margin-top:0;margin-right:0;margin-bottom:0;margin-left:0;padding-top:0;padding-right:0;padding-bottom:0;padding-left:0;grid-template-columns:auto 52%\"><div class=\"wp-block-media-text__content\">\n<p style=\"padding-top:0;padding-right:var(--wp--preset--spacing--10);padding-bottom:0;padding-left:var(--wp--preset--spacing--10)\">En 1997, la Troupe du Th\u00e9\u00e2tre des Loges, qui comptait alors six spectacles \u00e0 son actif, a investi le dernier lavoir industriel de Pantin. En 29 ans de pr\u00e9sence, elle a fait de l\u2019endroit un th\u00e9\u00e2tre de quartier \u00e0 destination de tous les publics&nbsp;; elle a tiss\u00e9 un lien solide avec la population&nbsp;; sans conteste, elle a contribu\u00e9 \u00e0 l\u2019attractivit\u00e9 de la ville.<\/p>\n<\/div><figure class=\"wp-block-media-text__media\"><img loading=\"lazy\" decoding=\"async\" width=\"1024\" height=\"461\" src=\"https:\/\/theatre-des-loges.fr\/wp-content\/uploads\/2025\/09\/Lieu-1-Le-Theatre-des-Loges-sa-Scene-Pavee-2-8-1024x461.jpg\" alt=\"\" class=\"wp-image-185 size-full\" style=\"object-position:53% 39%\" srcset=\"https:\/\/theatre-des-loges.fr\/wp-content\/uploads\/2025\/09\/Lieu-1-Le-Theatre-des-Loges-sa-Scene-Pavee-2-8-1024x461.jpg 1024w, https:\/\/theatre-des-loges.fr\/wp-content\/uploads\/2025\/09\/Lieu-1-Le-Theatre-des-Loges-sa-Scene-Pavee-2-8-300x135.jpg 300w, https:\/\/theatre-des-loges.fr\/wp-content\/uploads\/2025\/09\/Lieu-1-Le-Theatre-des-Loges-sa-Scene-Pavee-2-8-768x346.jpg 768w, https:\/\/theatre-des-loges.fr\/wp-content\/uploads\/2025\/09\/Lieu-1-Le-Theatre-des-Loges-sa-Scene-Pavee-2-8-1536x691.jpg 1536w, https:\/\/theatre-des-loges.fr\/wp-content\/uploads\/2025\/09\/Lieu-1-Le-Theatre-des-Loges-sa-Scene-Pavee-2-8-2048x922.jpg 2048w\" sizes=\"auto, (max-width: 1024px) 100vw, 1024px\" \/><\/figure><\/div>\n<\/div>\n\n\n\n<h3 class=\"wp-block-heading has-border-color has-accent-3-border-color\" style=\"border-width:2px;margin-right:var(--wp--preset--spacing--10);margin-left:var(--wp--preset--spacing--10);padding-top:var(--wp--preset--spacing--10);padding-right:var(--wp--preset--spacing--10);padding-bottom:var(--wp--preset--spacing--10);padding-left:var(--wp--preset--spacing--10)\"><strong>Engageons la lutte !<br>Pr\u00e9servons ce lieu charg\u00e9 de vie et d\u2019histoire\u00a0!<\/strong><br>En ces temps de gentrification \u00e0 tout va, emp\u00eachons la disparition de ce th\u00e9\u00e2tre de caract\u00e8re\u00a0!<br>Nous appelons \u00e0 tous les soutiens\u00a0: les citoyens, les \u00e9lus, la presse, les organisations syndicales, les associations.<\/h3>\n\n\n\n<h3 class=\"wp-block-heading\" style=\"margin-right:var(--wp--preset--spacing--10);margin-left:var(--wp--preset--spacing--10)\">Un lieu patrimonial<\/h3>\n\n\n\n<p>Le Th\u00e9\u00e2tre des Loges est install\u00e9 dans un ancien lavoir, b\u00e2ti dans les ann\u00e9es 1890. De nombreux \u00e9l\u00e9ments de cette \u00e9poque sont visibles encore aujourd\u2019hui (charpente, cuve en fonte, robinets, verri\u00e8res, tommettes\u2026)<\/p>\n\n\n\n<div class=\"wp-block-media-text has-media-on-the-right is-stacked-on-mobile is-vertically-aligned-top is-image-fill-element\" style=\"margin-top:0;margin-bottom:0;padding-right:0;grid-template-columns:auto 60%\"><div class=\"wp-block-media-text__content\">\n<p>De la d\u00e9cennie 1960 jusqu\u2019aux ann\u00e9es 1980, une usine y a \u00e9t\u00e9 implant\u00e9e. Cet endroit est charg\u00e9 de l\u2019histoire des femmes qui frappaient le linge et des ouvriers qui  abriquaient les pi\u00e8ces m\u00e9caniques. Il est l\u2019un des derniers lavoirs industriels du XIX \u00e8me si\u00e8cle en Seine-St-Denis.<\/p>\n<\/div><figure class=\"wp-block-media-text__media\"><img loading=\"lazy\" decoding=\"async\" width=\"606\" height=\"272\" src=\"https:\/\/theatre-des-loges.fr\/wp-content\/uploads\/2026\/01\/image2.jpeg\" alt=\"\" class=\"wp-image-715 size-full\" style=\"object-position:52% 54%\" srcset=\"https:\/\/theatre-des-loges.fr\/wp-content\/uploads\/2026\/01\/image2.jpeg 606w, https:\/\/theatre-des-loges.fr\/wp-content\/uploads\/2026\/01\/image2-300x135.jpeg 300w\" sizes=\"auto, (max-width: 606px) 100vw, 606px\" \/><\/figure><\/div>\n\n\n\n<h3 class=\"wp-block-heading\" style=\"padding-right:var(--wp--preset--spacing--10);padding-left:var(--wp--preset--spacing--10)\">Un th\u00e9\u00e2tre d\u2019artisans<\/h3>\n\n\n\n<p>D\u00e8s 1997, les com\u00e9diens de la Troupe se sont faits les b\u00e2tisseurs du lieu. Au fil des ann\u00e9es, ils ont r\u00e9habilit\u00e9 et embelli le lavoir, en m\u00eame temps qu\u2019ils ont construit et \u00e9quip\u00e9 le th\u00e9\u00e2tre (les gradins, la sc\u00e8ne, le foyer, les loges, le mat\u00e9riel technique\u2026). C\u2019est ainsi qu\u2019un th\u00e9\u00e2tre chaleureux, \u00e0 \u00e9chelle humaine, a vu le jour. Le seul fruit des recettes des spectacles a permis ce r\u00eave. Aujourd\u2019hui, ce lieu participe du rayonnement culturel de la ville de Pantin. Il est l\u2019outil primordial de la Troupe et sa destruction mettrait en p\u00e9ril la survie de son travail artistique.<\/p>\n\n\n\n<h3 class=\"wp-block-heading\" style=\"padding-right:var(--wp--preset--spacing--10);padding-left:var(--wp--preset--spacing--10)\">La Troupe du Th\u00e9\u00e2tre des Loges, c\u2019est aussi&nbsp;<\/h3>\n\n\n\n<div class=\"wp-block-media-text has-media-on-the-right is-stacked-on-mobile\" style=\"padding-right:0;padding-left:0;grid-template-columns:auto 32%\"><div class=\"wp-block-media-text__content\">\n<p>Des tourn\u00e9es tous les \u00e9t\u00e9s, \u00e0 l\u2019invitation de festivals, de mairies ou de particuliers, dans des villes et des villages de France&nbsp;: des repr\u00e9sentations dans des cours de ch\u00e2teau, de fermes, d\u2019\u00e9coles&nbsp;; sur des parvis, des places, dans des parcs ou des th\u00e9\u00e2tres de verdure\u2026 Trois sc\u00e8nes de bois transportables, des \u00e9l\u00e9ments de d\u00e9cors et meubles anciens, 150 costumes du XVI \u00e8me au XIX \u00e8me si\u00e8cle, des instruments de musique (pianos, guitares, mandoline, gramophone, guide-chant\u2026)<\/p>\n<\/div><figure class=\"wp-block-media-text__media\"><img loading=\"lazy\" decoding=\"async\" width=\"426\" height=\"334\" src=\"https:\/\/theatre-des-loges.fr\/wp-content\/uploads\/2026\/01\/image3.jpeg\" alt=\"\" class=\"wp-image-716 size-full\" srcset=\"https:\/\/theatre-des-loges.fr\/wp-content\/uploads\/2026\/01\/image3.jpeg 426w, https:\/\/theatre-des-loges.fr\/wp-content\/uploads\/2026\/01\/image3-300x235.jpeg 300w\" sizes=\"auto, (max-width: 426px) 100vw, 426px\" \/><\/figure><\/div>\n\n\n\n<div class=\"wp-block-group is-content-justification-center is-nowrap is-layout-flex wp-container-core-group-is-layout-23441af8 wp-block-group-is-layout-flex\">\n<div class=\"wp-block-group has-border-color has-global-padding is-layout-constrained wp-container-core-group-is-layout-77a92df8 wp-block-group-is-layout-constrained\" style=\"border-color:#d8613c;border-width:2px;border-top-left-radius:0px;border-top-right-radius:0px;border-bottom-left-radius:0px;border-bottom-right-radius:0px;margin-top:0;margin-bottom:0;padding-top:var(--wp--preset--spacing--10);padding-right:0;padding-bottom:var(--wp--preset--spacing--10);padding-left:0\">\n<h3 class=\"wp-block-heading has-text-align-center\" style=\"padding-right:0;padding-left:0\"><strong>Les chiffres cl\u00e9s<\/strong><\/h3>\n\n\n\n<p class=\"has-text-align-center\" style=\"margin-right:0;margin-left:0\">Un th\u00e9\u00e2tre de 49 places<br>29 ans de pr\u00e9sence \u00e0 Pantin<br>40 spectacles (th\u00e9\u00e2tre, musique, contes, po\u00e9sie)<br>1200 repr\u00e9sentations de la Troupe et de \u00ab ses rameaux \u00bb<br>400 repr\u00e9sentations par les compagnies accueillies<br><strong>Plus de 60000 spectateurs !<\/strong><\/p>\n<\/div>\n<\/div>\n\n\n\n<h3 class=\"wp-block-heading\" style=\"padding-right:var(--wp--preset--spacing--10);padding-left:var(--wp--preset--spacing--10)\">Un Th\u00e9\u00e2tre v\u00e9ritablement Populaire<\/h3>\n\n\n\n<p>Mettant \u00e0 l\u2019affiche des auteurs majeurs (Moli\u00e8re, Racine, Marivaux, Musset, Feydeau, Camus, Lorca, Tchekhov, Gogol, Shakespeare\u2026), ainsi que ses propres textes, le Th\u00e9\u00e2tre des Loges veille \u00e0 rester accessible \u00e0 tous. Depuis toujours, il propose une politique tarifaire inclusive. La Troupe qui l\u2019anime est la seule, avec son propre lieu, \u00e0 demeure \u00e0 Pantin. Dans le besoin d\u2019un toit, elle s\u2019est retrouv\u00e9e dans le quartier des Sept-Arpents, alors d\u00e9laiss\u00e9 des politiques publiques. D\u00e8s le premier moment, elle n\u2019a pas craint d\u2019y \u0153uvrer, se souciant d\u2019abord de ses voisins imm\u00e9diats. A l\u2019occasion, les acteurs se sont faits \u00e9ducateurs de rue\u2026 La Troupe va r\u00e9guli\u00e8rement, lors de parades en costume, \u00e0 la rencontre des habitants de Pantin et des villes voisines (Le Pr\u00e9-Saint-<br>Gervais, Romainville, Les Lilas, Paris\u2026). Depuis sa cr\u00e9ation en 1989, elle a fid\u00e9lis\u00e9 plus de 9000 spectateurs, abonn\u00e9s \u00e0 sa lettre d\u2019information.<\/p>\n\n\n\n<h3 class=\"wp-block-heading\" style=\"padding-right:var(--wp--preset--spacing--10);padding-left:var(--wp--preset--spacing--10)\">Un lieu de rencontres<\/h3>\n\n\n\n<p>Le Th\u00e9\u00e2tre des Loges est un lieu de rencontres ouvert sur la vie de la Cit\u00e9. Il est partie prenante des diff\u00e9rentes animations du quartier (Portes ouvertes, F\u00eate de la rue\u2026). Il accueille les publics scolaires, lors de repr\u00e9sentations d\u00e9di\u00e9es, en pr\u00e9sence de leurs enseignants. Des \u00e9v\u00e9nements des conservatoires d\u2019Est-Ensemble et de la Maison de la Culture de Bobigny s\u2019y sont tenus. Des cours pour adultes s\u2019y d\u00e9roulent toute l\u2019ann\u00e9e. La Troupe contribue \u00e0 la vie associative de la ville en mettant volontiers, quand on la sollicite, son lieu \u00e0 disposition d\u2019associations pantinoises, d\u2019\u00e9tudiants en th\u00e9\u00e2tre ou cin\u00e9ma, ou encore tout r\u00e9cemment des musiciens du Ventre de la Baleine (studios de musique \u00e0 Pantin).<\/p>\n\n\n\n<div class=\"wp-block-group is-content-justification-center is-nowrap is-layout-flex wp-container-core-group-is-layout-23441af8 wp-block-group-is-layout-flex\">\n<div class=\"wp-block-group has-border-color has-global-padding is-layout-constrained wp-container-core-group-is-layout-77a92df8 wp-block-group-is-layout-constrained\" style=\"border-color:#d8613c;border-width:2px;border-top-left-radius:0px;border-top-right-radius:0px;border-bottom-left-radius:0px;border-bottom-right-radius:0px;margin-top:0;margin-bottom:0;padding-top:var(--wp--preset--spacing--10);padding-right:0;padding-bottom:var(--wp--preset--spacing--10);padding-left:0\">\n<h3 class=\"wp-block-heading has-text-align-center\" style=\"padding-right:0;padding-left:0\">Un autre plan est possible&nbsp;!<\/h3>\n\n\n\n<p class=\"has-text-align-center\" style=\"margin-right:0;margin-left:0\">Le plan de r\u00e9novation urbaine invoque la r\u00e9sorption de l\u2019habitat indigne, lors m\u00eame que le Th\u00e9\u00e2tre des Loges n\u2019est pas un b\u00e2timent d\u2019habitation. Dans le respect des enjeux climatiques, l\u00e9gitimement mis en avant par les \u00e9lus, <strong>nous r\u00e9clamons une r\u00e9vision du projet<\/strong>, afin que la r\u00e9habilitation du quartier ne soit pas r\u00e9alis\u00e9e au prix de l\u2019ignorance du travail de la Troupe et de la destruction de ce lieu porteur de lien social. Nous appelons les pouvoirs publics \u00e0 concevoir un quartier dans lequel l\u2019ancien lavoir des Sept-Arpents demeurerait un endroit o\u00f9 il ferait bon vivre et \u00eatre ensemble. Ce ne serait pas un luxe\u00a0!<\/p>\n<\/div>\n<\/div>\n\n\n\n<p><\/p>\n\n\n\n<p>Pour nous soutenir, signez notre p\u00e9tition en ligne&nbsp;:<br><a href=\"https:\/\/c.org\/XvmjJgkD78\">https:\/\/c.org\/XvmjJgkD78<\/a><\/p>\n\n\n\n<p>Pour nous contacter&nbsp;: <a href=\"mailto:contact@theatre-des-loges.fr\">contact@theatre-des-loges.fr<\/a> \u2013 06 15 23 80 28<br>Nous sommes ici&nbsp;: 49, rue des Sept-Arpents \u2013 PANTIN (M\u00b0 Hoche)<\/p>\n<\/div>\n<\/div>\n\n\n<p><div class=\"leaflet-map WPLeafletMap\" style=\"height:400px; width:100%;\"><\/div><script>\nwindow.WPLeafletMapPlugin = window.WPLeafletMapPlugin || [];\nwindow.WPLeafletMapPlugin.push(function WPLeafletMapShortcode() {\/*<script>*\/\nvar baseUrl = atob('aHR0cHM6Ly90aWxlLm9wZW5zdHJlZXRtYXAub3JnL3t6fS97eH0ve3l9LnBuZw==');\nvar base = (!baseUrl && window.MQ) ?\n    window.MQ.mapLayer() : L.tileLayer(baseUrl,\n        L.Util.extend({}, {\n            detectRetina: 0,\n        },\n        {\"subdomains\":\"abc\",\"noWrap\":false,\"maxZoom\":19}        )\n    );\n    var options = L.Util.extend({}, {\n        layers: [base],\n        attributionControl: false\n    },\n    {\"zoomControl\":false,\"scrollWheelZoom\":false,\"doubleClickZoom\":false,\"fitBounds\":false,\"minZoom\":0,\"maxZoom\":19,\"maxBounds\":null,\"attribution\":\"<a href=\\\"http:\\\/\\\/leafletjs.com\\\" title=\\\"Une biblioth\\u00e8que JS pour des cartes interactives\\\">Leaflet<\\\/a>; \\u00a9 <a href=\\\"http:\\\/\\\/www.openstreetmap.org\\\/copyright\\\">OpenStreetMap<\\\/a> contributeurs\\\/contributrices\"},\n    {});\nwindow.WPLeafletMapPlugin.createMap(options).setView([48.88979,2.402545],15);});<\/script><br \/>\n<script>\nwindow.WPLeafletMapPlugin = window.WPLeafletMapPlugin || [];\nwindow.WPLeafletMapPlugin.push(function WPLeafletMarkerShortcode() {\/*<script>*\/\nvar map = window.WPLeafletMapPlugin.getCurrentMap();\nvar group = window.WPLeafletMapPlugin.getCurrentGroup();\nvar marker_options = window.WPLeafletMapPlugin.getIconOptions({});\nvar marker = L.marker(\n    [48.88979,2.402545],\n    marker_options\n);\nvar is_image = map.is_image_map;\nif (marker_options.draggable) {\n    marker.on('dragend', function () {\n        var latlng = this.getLatLng();\n        var lat = latlng.lat;\n        var lng = latlng.lng;\n        if (is_image) {\n            console.log('leaflet-marker y=' + lat + ' x=' + lng);\n        } else {\n            console.log('leaflet-marker lat=' + lat + ' lng=' + lng);\n        }\n    });\n}\nmarker.addTo( group );\nmarker.bindPopup(window.WPLeafletMapPlugin.unescape('&lt;br \/&gt;&lt;br&gt;Th\u00e9\u00e2tre des Loges&lt;br \/&gt;&lt;br&gt;'));window.WPLeafletMapPlugin.markers.push( marker );\n        });<\/script><\/p>\n","protected":false},"excerpt":{"rendered":"<p>Dans le cadre d\u2019un projet de r\u00e9novation urbaine, la municipalit\u00e9 de Pantin, dirig\u00e9e par M. Bertrand Kern et la communaut\u00e9 de communes d\u2019Est-Ensemble ont d\u00e9cid\u00e9, sans concertation, la destruction de ce lieu. La menace se pr\u00e9cise depuis qu\u2019en juin 2025, la Soreqa, une soci\u00e9t\u00e9 publique agissant pour le compte de la mairie, est devenue notre [&hellip;]<\/p>\n","protected":false},"author":1,"featured_media":0,"parent":0,"menu_order":0,"comment_status":"closed","ping_status":"closed","template":"","meta":{"footnotes":""},"class_list":["post-707","page","type-page","status-publish","hentry"],"_links":{"self":[{"href":"https:\/\/theatre-des-loges.fr\/index.php\/wp-json\/wp\/v2\/pages\/707","targetHints":{"allow":["GET"]}}],"collection":[{"href":"https:\/\/theatre-des-loges.fr\/index.php\/wp-json\/wp\/v2\/pages"}],"about":[{"href":"https:\/\/theatre-des-loges.fr\/index.php\/wp-json\/wp\/v2\/types\/page"}],"author":[{"embeddable":true,"href":"https:\/\/theatre-des-loges.fr\/index.php\/wp-json\/wp\/v2\/users\/1"}],"replies":[{"embeddable":true,"href":"https:\/\/theatre-des-loges.fr\/index.php\/wp-json\/wp\/v2\/comments?post=707"}],"version-history":[{"count":14,"href":"https:\/\/theatre-des-loges.fr\/index.php\/wp-json\/wp\/v2\/pages\/707\/revisions"}],"predecessor-version":[{"id":777,"href":"https:\/\/theatre-des-loges.fr\/index.php\/wp-json\/wp\/v2\/pages\/707\/revisions\/777"}],"wp:attachment":[{"href":"https:\/\/theatre-des-loges.fr\/index.php\/wp-json\/wp\/v2\/media?parent=707"}],"curies":[{"name":"wp","href":"https:\/\/api.w.org\/{rel}","templated":true}]}}