{"id":213,"date":"2025-11-10T17:42:57","date_gmt":"2025-11-10T15:42:57","guid":{"rendered":"https:\/\/theatre-des-loges.fr\/?page_id=213"},"modified":"2026-04-16T16:48:12","modified_gmt":"2026-04-16T14:48:12","slug":"nos-spectacles","status":"publish","type":"page","link":"https:\/\/theatre-des-loges.fr\/index.php\/nos-spectacles\/","title":{"rendered":"\u00c0 l&rsquo;affiche, aujourd&rsquo;hui"},"content":{"rendered":"\n<div class=\"wp-block-columns is-layout-flex wp-container-core-columns-is-layout-28f84493 wp-block-columns-is-layout-flex\">\n<div class=\"wp-block-column is-layout-flow wp-block-column-is-layout-flow\" style=\"padding-right:var(--wp--preset--spacing--10);padding-left:var(--wp--preset--spacing--10)\">\n<div class=\"wp-block-group has-global-padding is-layout-constrained wp-container-core-group-is-layout-11c1ca01 wp-block-group-is-layout-constrained\" style=\"padding-right:var(--wp--preset--spacing--50);padding-left:var(--wp--preset--spacing--50)\">\n<div class=\"wp-block-group has-border-color has-base-2-border-color has-global-padding is-layout-constrained wp-block-group-is-layout-constrained\" style=\"border-width:1px\">\n<h4 class=\"wp-block-heading has-text-align-center\" style=\"padding-right:var(--wp--preset--spacing--10);padding-left:var(--wp--preset--spacing--10)\">L\u2019Illusion Comique de Pierre Corneille<\/h4>\n\n\n\n<p class=\"has-text-align-center\">par la <em>Compagnie des Bons Fous<\/em><br>Mise en sc\u00e8ne de <strong>Valentin Yvenou<\/strong><\/p>\n<\/div>\n<\/div>\n\n\n\n<p>D\u00e9j\u00e0, nous sommes aux derni\u00e8res repr\u00e9sentations de L\u2019Illusion comique de Pierre Corneille\u00a0!Alors, pour profiter de cette com\u00e9die jou\u00e9e par la Compagnie des Bons fous, un rameau de la Troupe du Th\u00e9\u00e2tre des Loges, mise en sc\u00e8ne par Valentin Yvenou, il ne vous reste plus que le vendredi 24, les samedis 18 et 19 avril \u00e0 20H30, les dimanches 19 et 26 avril \u00e0 16H30. Ensuite, il en sera fini de cette illusion\u2026<br>Ne manquez pas, \u00e0 cette occasion, de venir ou de revenir dans notre beau th\u00e9\u00e2tre\u00a0! Nous vous y accueillerions avec joie\u00a0!<\/p>\n\n\n\n<figure class=\"wp-block-image aligncenter size-full is-style-default\"><img loading=\"lazy\" decoding=\"async\" width=\"397\" height=\"550\" src=\"https:\/\/theatre-des-loges.fr\/wp-content\/uploads\/2025\/12\/image.jpeg\" alt=\"\" class=\"wp-image-399\" srcset=\"https:\/\/theatre-des-loges.fr\/wp-content\/uploads\/2025\/12\/image.jpeg 397w, https:\/\/theatre-des-loges.fr\/wp-content\/uploads\/2025\/12\/image-217x300.jpeg 217w\" sizes=\"auto, (max-width: 397px) 100vw, 397px\" \/><\/figure>\n\n\n\n<p class=\"has-text-align-center\"><em>\u00ab Un \u00e9trange monstre \u00bb dit Corneille de sa com\u00e9die&#8230;<\/em><\/p>\n\n\n\n<div class=\"wp-block-group has-border-color has-base-2-border-color has-global-padding is-layout-constrained wp-block-group-is-layout-constrained\" style=\"border-width:1px\">\n<h4 class=\"wp-block-heading has-text-align-center\" style=\"padding-right:var(--wp--preset--spacing--10);padding-left:var(--wp--preset--spacing--10)\">Au <strong>Th\u00e9\u00e2tre des Loges<\/strong>, 49 rue des Sept-Arpents \u00e0 <strong>PANTIN<\/strong><\/h4>\n\n\n\n<h4 class=\"wp-block-heading has-text-align-center\"><strong>Jusqu\u2019au 26 avril 2026<\/strong><\/h4>\n\n\n\n<p class=\"has-text-align-center\">Les vendredis, samedis \u00e0 20H30, dimanches \u00e0 16H30<br>(<strong>Attention\u00a0<\/strong>: <strong>rel\u00e2che exceptionnelle le vendredi 17<\/strong>)<\/p>\n\n\n\n<p class=\"has-text-align-center\">19\u20ac &#8211; 16\u20ac (Seniors) \u2013 13\u20ac (\u00e9tudiants, sans emploi) \u2013 6\u20ac (RSA, moins de 12 ans)<br>Forfait famille (2 parents\/1 enfant)&nbsp;: 38\u20ac (+ 5\u20ac\/ enfant supp.)<\/p>\n<\/div>\n\n\n\n<p><strong>R\u00e9servations au 01 48 46 54 73 ou 06 15 23 80 28 \u2013 \u00e0\u00a0: contact@theatre-des-loges.fr<\/strong><\/p>\n<\/div>\n<\/div>\n\n\n\n<p><\/p>\n","protected":false},"excerpt":{"rendered":"<p>L\u2019Illusion Comique de Pierre Corneille par la Compagnie des Bons FousMise en sc\u00e8ne de Valentin Yvenou D\u00e9j\u00e0, nous sommes aux derni\u00e8res repr\u00e9sentations de L\u2019Illusion comique de Pierre Corneille\u00a0!Alors, pour profiter de cette com\u00e9die jou\u00e9e par la Compagnie des Bons fous, un rameau de la Troupe du Th\u00e9\u00e2tre des Loges, mise en sc\u00e8ne par Valentin Yvenou, [&hellip;]<\/p>\n","protected":false},"author":1,"featured_media":0,"parent":0,"menu_order":0,"comment_status":"closed","ping_status":"closed","template":"","meta":{"footnotes":""},"class_list":["post-213","page","type-page","status-publish","hentry"],"_links":{"self":[{"href":"https:\/\/theatre-des-loges.fr\/index.php\/wp-json\/wp\/v2\/pages\/213","targetHints":{"allow":["GET"]}}],"collection":[{"href":"https:\/\/theatre-des-loges.fr\/index.php\/wp-json\/wp\/v2\/pages"}],"about":[{"href":"https:\/\/theatre-des-loges.fr\/index.php\/wp-json\/wp\/v2\/types\/page"}],"author":[{"embeddable":true,"href":"https:\/\/theatre-des-loges.fr\/index.php\/wp-json\/wp\/v2\/users\/1"}],"replies":[{"embeddable":true,"href":"https:\/\/theatre-des-loges.fr\/index.php\/wp-json\/wp\/v2\/comments?post=213"}],"version-history":[{"count":26,"href":"https:\/\/theatre-des-loges.fr\/index.php\/wp-json\/wp\/v2\/pages\/213\/revisions"}],"predecessor-version":[{"id":780,"href":"https:\/\/theatre-des-loges.fr\/index.php\/wp-json\/wp\/v2\/pages\/213\/revisions\/780"}],"wp:attachment":[{"href":"https:\/\/theatre-des-loges.fr\/index.php\/wp-json\/wp\/v2\/media?parent=213"}],"curies":[{"name":"wp","href":"https:\/\/api.w.org\/{rel}","templated":true}]}}

À l&rsquo;affiche, aujourd&rsquo;hui

<div class="wp-block-columns is-layout-flex wp-container-core-columns-is-layout-28f84493 wp-block-columns-is-layout-flex">
<div class="wp-block-column is-layout-flow wp-block-column-is-layout-flow" style="padding-right:var(--wp--preset--spacing--10);padding-left:var(--wp--preset--spacing--10)">
<div class="wp-block-group has-global-padding is-layout-constrained wp-container-core-group-is-layout-11c1ca01 wp-block-group-is-layout-constrained" style="padding-right:var(--wp--preset--spacing--50);padding-left:var(--wp--preset--spacing--50)">
<div class="wp-block-group has-border-color has-base-2-border-color has-global-padding is-layout-constrained wp-block-group-is-layout-constrained" style="border-width:1px">
<h4 class="wp-block-heading has-text-align-center" style="padding-right:var(--wp--preset--spacing--10);padding-left:var(--wp--preset--spacing--10)">L’Illusion Comique de Pierre Corneille</h4>



<p class="has-text-align-center">par la <em>Compagnie des Bons Fous</em><br>Mise en scène de <strong>Valentin Yvenou</strong></p>
</div>
</div>



<p>Déjà, nous sommes aux dernières représentations de L’Illusion comique de Pierre Corneille !Alors, pour profiter de cette comédie jouée par la Compagnie des Bons fous, un rameau de la Troupe du Théâtre des Loges, mise en scène par Valentin Yvenou, il ne vous reste plus que le vendredi 24, les samedis 18 et 19 avril à 20H30, les dimanches 19 et 26 avril à 16H30. Ensuite, il en sera fini de cette illusion…<br>Ne manquez pas, à cette occasion, de venir ou de revenir dans notre beau théâtre ! Nous vous y accueillerions avec joie !</p>



<figure class="wp-block-image aligncenter size-full is-style-default"><img loading="lazy" decoding="async" width="397" height="550" src="https://theatre-des-loges.fr/wp-content/uploads/2025/12/image.jpeg" alt="" class="wp-image-399" srcset="https://theatre-des-loges.fr/wp-content/uploads/2025/12/image.jpeg 397w, https://theatre-des-loges.fr/wp-content/uploads/2025/12/image-217x300.jpeg 217w" sizes="auto, (max-width: 397px) 100vw, 397px" /></figure>



<p class="has-text-align-center"><em>« Un étrange monstre » dit Corneille de sa comédie&#8230;</em></p>



<div class="wp-block-group has-border-color has-base-2-border-color has-global-padding is-layout-constrained wp-block-group-is-layout-constrained" style="border-width:1px">
<h4 class="wp-block-heading has-text-align-center" style="padding-right:var(--wp--preset--spacing--10);padding-left:var(--wp--preset--spacing--10)">Au <strong>Théâtre des Loges</strong>, 49 rue des Sept-Arpents à <strong>PANTIN</strong></h4>



<h4 class="wp-block-heading has-text-align-center"><strong>Jusqu’au 26 avril 2026</strong></h4>



<p class="has-text-align-center">Les vendredis, samedis à 20H30, dimanches à 16H30<br>(<strong>Attention </strong>: <strong>relâche exceptionnelle le vendredi 17</strong>)</p>



<p class="has-text-align-center">19€ &#8211; 16€ (Seniors) – 13€ (étudiants, sans emploi) – 6€ (RSA, moins de 12 ans)<br>Forfait famille (2 parents/1 enfant)&nbsp;: 38€ (+ 5€/ enfant supp.)</p>
</div>



<p><strong>Réservations au 01 48 46 54 73 ou 06 15 23 80 28 – à : contact@theatre-des-loges.fr</strong></p>
</div>
</div>



<p></p>

<p>L’Illusion Comique de Pierre Corneille par la Compagnie des Bons FousMise en scène de Valentin Yvenou Déjà, nous sommes aux dernières représentations de L’Illusion comique de Pierre Corneille !Alors, pour profiter de cette comédie jouée par la Compagnie des Bons fous, un rameau de la Troupe du Théâtre des Loges, mise en scène par Valentin Yvenou, [&hellip;]</p>
