{"id":21,"date":"2023-12-17T07:36:22","date_gmt":"2023-12-17T06:36:22","guid":{"rendered":"http:\/\/localhost:8080\/?page_id=21"},"modified":"2025-12-23T17:13:31","modified_gmt":"2025-12-23T15:13:31","slug":"lhistoire-de-la-troupe","status":"publish","type":"page","link":"https:\/\/theatre-des-loges.fr\/index.php\/lhistoire-de-la-troupe\/","title":{"rendered":"L&rsquo;histoire de la Troupe"},"content":{"rendered":"\n<div class=\"wp-block-columns is-layout-flex wp-container-core-columns-is-layout-401bc43b wp-block-columns-is-layout-flex\" style=\"margin-top:0;margin-bottom:0;padding-top:0;padding-bottom:0\">\n<div class=\"wp-block-column is-layout-flow wp-block-column-is-layout-flow\" style=\"padding-top:var(--wp--preset--spacing--10);padding-right:0;padding-bottom:var(--wp--preset--spacing--10);padding-left:0\">\n<h4 class=\"wp-block-heading has-text-align-center\" style=\"padding-right:var(--wp--preset--spacing--10);padding-left:var(--wp--preset--spacing--10)\">La gen\u00e8se, le chemin, les choix de la Troupe<br>ou trente-huit ans de chances\u2026<\/h4>\n\n\n\n<p><\/p>\n\n\n\n<p class=\"has-drop-cap\">Au d\u00e9but de l\u2019an 1988, \u00e0 ma surprise, j\u2019\u00e9tais invit\u00e9 par l\u2019organisateur du festival de musique classique de mon village (Louvie-Juzon, dans les Pyr\u00e9n\u00e9es Atlantiques) dit \u00ab&nbsp;Les Estives Musicales Internationales&nbsp;\u00bb, \u00e0 songer \u00e0 un spectacle th\u00e9\u00e2tral qui trouverait place dans la programmation de l\u2019\u00e9t\u00e9 1989. Un \u00e9t\u00e9 o\u00f9 la France enti\u00e8re f\u00eaterait gaillardement le bicentenaire de la R\u00e9volution Fran\u00e7aise&#8230; Des cr\u00e9dits seraient l\u00e2ch\u00e9s de toutes parts ! Mais, \u00e0 Paris, je n\u2019\u00e9tais qu\u2019un acteur \u00e0 \u00ab&nbsp;son propre compte&nbsp;\u00bb et je n\u2019avais aucune vell\u00e9it\u00e9 de mise en sc\u00e8ne. De plus, le sujet oblig\u00e9 de la R\u00e9volution ne m\u2019inspirait gu\u00e8re. Je d\u00e9clinais la proposition.<\/p>\n\n\n\n<p>Quelques mois plus tard, alors que j\u2019avais pris le poste de professeur de th\u00e9\u00e2tre dans une \u00e9cole de la capitale, je d\u00e9couvrais une pi\u00e8ce d\u2019Arthur Schnitzler, intitul\u00e9e <strong><em>Au Perroquet Vert<\/em><\/strong><em>.<\/em> Elle avait pour toile de fond la prise de la Bastille et racontait l\u2019histoire d\u2019une bande d\u2019histrions aux prises avec la noblesse du XVIII<sup>\u00e8me<\/sup> si\u00e8cle&#8230; Tiens&nbsp;! Je l\u2019avais mon spectacle pour mon village&nbsp;! Et \u2013 \u00f4 miracle&nbsp;! \u2013 je pouvais, puisant dans le vivier de ma classe, imaginer la distribution des r\u00f4les&#8230; Je reprenais langue avec le directeur du festival et nous topions&nbsp;! Voil\u00e0 comment, inopin\u00e9ment, je venais de cr\u00e9er la Troupe du Th\u00e9\u00e2tre des Loges.<\/p>\n\n\n\n<p>Au mois de mai 1989, elle vivait son premier rendez-vous avec le Public. Parce que je n\u2019avais pas eu les droits d\u2019exploitation de la pi\u00e8ce de Schnitzler, je la rebaptisais, en l\u2019adaptant quelque peu, <strong><em>Le Rideau D\u00e9chir\u00e9<\/em><\/strong><em>. <\/em>La fougue, la joie, l\u2019insouciance, la g\u00e9n\u00e9rosit\u00e9 \u00e9taient les marques de la Troupe. A-t-on su conserver ces vertus&nbsp;?<\/p>\n\n\n\n<p>Une fois pass\u00e9 le bicentenaire, sur les conseils d&rsquo;Antonio Diaz-Florian, mon ma\u00eetre de l&rsquo;Ep\u00e9e de Bois (Cartoucherie de Vincennes) \u00e0 qui je dis mon \u00e9ternelle reconnaissance, j&#8217;embrayais sur un nouveau spectacle : <strong><em>Les acteurs de bonne foi<\/em><\/strong> de Marivaux. Un titre pr\u00e9monitoire ? Ma foi, ceux qui nous connaissent en jugeront&#8230;<\/p>\n\n\n\n<p>Les ann\u00e9es ont suivi et les spectacles aussi. \u00ab&nbsp;L\u2019esprit de troupe&nbsp;\u00bb nous a pris&nbsp;; nous l\u2019avons chevill\u00e9 \u00e0 l\u2019\u00e2me&nbsp;; on a d\u00e9couvert, je crois, les r\u00e8gles essentielles \u00e0 respecter, les bagarres \u00e0 mener pour ne jamais le trahir. Nous nous y appliquons mais la chose est dure, complexe.&nbsp;Le choix des \u0153uvres que nous jouons n\u2019est pas le fruit du hasard mais celui de nos envies, de nos besoins, de notre r\u00e9flexion, de notre instinct<em>. <\/em>Le po\u00e8te demeurant le patron, le guide.<\/p>\n\n\n\n<p>De nombreux spectateurs nous sont fid\u00e8les ; nous avons cette chance. Chacun de nos spectacles est ainsi l\u2019occasion de belles retrouvailles. En costume, nous allons dans les rues, sur les march\u00e9s, aux abords des terrasses, jusque dans le m\u00e9tro ou les campings, saluer les passants, pour leur dire, quand ils ne les conna\u00eetraient pas, les plaisirs et les bienfaits du Th\u00e9\u00e2tre. Sur ces pav\u00e9s, sachant son ridicule merveilleux, nous affichons la noblesse du m\u00e9tier. Nous d\u00e9fendons un th\u00e9\u00e2tre sans ambages, affirm\u00e9, g\u00e9n\u00e9reux, jubilatoire. La&nbsp;<em>distraction<\/em>&nbsp;du Public est notre seul d\u00e9sir.<\/p>\n\n\n\n<figure class=\"wp-block-gallery has-nested-images columns-5 is-cropped wp-block-gallery-1 is-layout-flex wp-block-gallery-is-layout-flex\">\n<figure class=\"wp-block-image size-full\"><img loading=\"lazy\" decoding=\"async\" width=\"550\" height=\"785\" data-id=\"494\" src=\"https:\/\/theatre-des-loges.fr\/wp-content\/uploads\/2025\/12\/garcia-lorca.jpg\" alt=\"Federico Garcia-Lorca\" class=\"wp-image-494\" title=\"Federico Garcia-Lorca\" srcset=\"https:\/\/theatre-des-loges.fr\/wp-content\/uploads\/2025\/12\/garcia-lorca.jpg 550w, https:\/\/theatre-des-loges.fr\/wp-content\/uploads\/2025\/12\/garcia-lorca-210x300.jpg 210w\" sizes=\"auto, (max-width: 550px) 100vw, 550px\" \/><\/figure>\n\n\n\n<figure class=\"wp-block-image size-full\"><img loading=\"lazy\" decoding=\"async\" width=\"974\" height=\"1161\" data-id=\"492\" src=\"https:\/\/theatre-des-loges.fr\/wp-content\/uploads\/2025\/12\/alfred-de-musset.jpg\" alt=\"Alfred de Musset\" class=\"wp-image-492\" title=\"Alfred de Musset\" srcset=\"https:\/\/theatre-des-loges.fr\/wp-content\/uploads\/2025\/12\/alfred-de-musset.jpg 974w, https:\/\/theatre-des-loges.fr\/wp-content\/uploads\/2025\/12\/alfred-de-musset-252x300.jpg 252w, https:\/\/theatre-des-loges.fr\/wp-content\/uploads\/2025\/12\/alfred-de-musset-859x1024.jpg 859w, https:\/\/theatre-des-loges.fr\/wp-content\/uploads\/2025\/12\/alfred-de-musset-768x915.jpg 768w\" sizes=\"auto, (max-width: 974px) 100vw, 974px\" \/><\/figure>\n\n\n\n<figure class=\"wp-block-image size-full is-style-default\" style=\"margin-top:0;margin-right:0;margin-bottom:0;margin-left:0\"><img loading=\"lazy\" decoding=\"async\" width=\"1000\" height=\"500\" data-id=\"495\" src=\"https:\/\/theatre-des-loges.fr\/wp-content\/uploads\/2025\/12\/moliere.jpeg\" alt=\"Moli\u00e8re\" class=\"wp-image-495\" title=\"Moli\u00e8re\" srcset=\"https:\/\/theatre-des-loges.fr\/wp-content\/uploads\/2025\/12\/moliere.jpeg 1000w, https:\/\/theatre-des-loges.fr\/wp-content\/uploads\/2025\/12\/moliere-300x150.jpeg 300w, https:\/\/theatre-des-loges.fr\/wp-content\/uploads\/2025\/12\/moliere-768x384.jpeg 768w\" sizes=\"auto, (max-width: 1000px) 100vw, 1000px\" \/><\/figure>\n\n\n\n<figure class=\"wp-block-image size-full\"><img loading=\"lazy\" decoding=\"async\" width=\"1200\" height=\"834\" data-id=\"491\" src=\"https:\/\/theatre-des-loges.fr\/wp-content\/uploads\/2025\/12\/William-Shakespeare.webp\" alt=\"William Shakespeare\" class=\"wp-image-491\" title=\"William Shakespeare\" srcset=\"https:\/\/theatre-des-loges.fr\/wp-content\/uploads\/2025\/12\/William-Shakespeare.webp 1200w, https:\/\/theatre-des-loges.fr\/wp-content\/uploads\/2025\/12\/William-Shakespeare-300x209.webp 300w, https:\/\/theatre-des-loges.fr\/wp-content\/uploads\/2025\/12\/William-Shakespeare-1024x712.webp 1024w, https:\/\/theatre-des-loges.fr\/wp-content\/uploads\/2025\/12\/William-Shakespeare-768x534.webp 768w\" sizes=\"auto, (max-width: 1200px) 100vw, 1200px\" \/><\/figure>\n\n\n\n<figure class=\"wp-block-image size-full\"><img loading=\"lazy\" decoding=\"async\" width=\"747\" height=\"747\" data-id=\"580\" src=\"https:\/\/theatre-des-loges.fr\/wp-content\/uploads\/2025\/12\/Anton-Chekhov-1-edited.jpeg\" alt=\"Anton Tchekhov\" class=\"wp-image-580\" title=\"Anton Tchekhov\" srcset=\"https:\/\/theatre-des-loges.fr\/wp-content\/uploads\/2025\/12\/Anton-Chekhov-1-edited.jpeg 747w, https:\/\/theatre-des-loges.fr\/wp-content\/uploads\/2025\/12\/Anton-Chekhov-1-edited-300x300.jpeg 300w, https:\/\/theatre-des-loges.fr\/wp-content\/uploads\/2025\/12\/Anton-Chekhov-1-edited-150x150.jpeg 150w\" sizes=\"auto, (max-width: 747px) 100vw, 747px\" \/><\/figure>\n<figcaption class=\"blocks-gallery-caption wp-element-caption\"><em><strong>Toujours, le po\u00e8te est le patron<\/strong><\/em><\/figcaption><\/figure>\n<\/div>\n<\/div>\n","protected":false},"excerpt":{"rendered":"<p>La gen\u00e8se, le chemin, les choix de la Troupeou ans de chances\u2026 Au d\u00e9but de l\u2019an 1988, \u00e0 ma surprise, j\u2019\u00e9tais invit\u00e9 par l\u2019organisateur du festival de musique classique de mon village (Louvie-Juzon, dans les Pyr\u00e9n\u00e9es Atlantiques) dit \u00ab&nbsp;Les Estives Musicales Internationales&nbsp;\u00bb, \u00e0 songer \u00e0 un spectacle th\u00e9\u00e2tral qui trouverait place dans la programmation de [&hellip;]<\/p>\n","protected":false},"author":1,"featured_media":0,"parent":0,"menu_order":1,"comment_status":"closed","ping_status":"closed","template":"","meta":{"footnotes":""},"class_list":["post-21","page","type-page","status-publish","hentry"],"_links":{"self":[{"href":"https:\/\/theatre-des-loges.fr\/index.php\/wp-json\/wp\/v2\/pages\/21","targetHints":{"allow":["GET"]}}],"collection":[{"href":"https:\/\/theatre-des-loges.fr\/index.php\/wp-json\/wp\/v2\/pages"}],"about":[{"href":"https:\/\/theatre-des-loges.fr\/index.php\/wp-json\/wp\/v2\/types\/page"}],"author":[{"embeddable":true,"href":"https:\/\/theatre-des-loges.fr\/index.php\/wp-json\/wp\/v2\/users\/1"}],"replies":[{"embeddable":true,"href":"https:\/\/theatre-des-loges.fr\/index.php\/wp-json\/wp\/v2\/comments?post=21"}],"version-history":[{"count":32,"href":"https:\/\/theatre-des-loges.fr\/index.php\/wp-json\/wp\/v2\/pages\/21\/revisions"}],"predecessor-version":[{"id":583,"href":"https:\/\/theatre-des-loges.fr\/index.php\/wp-json\/wp\/v2\/pages\/21\/revisions\/583"}],"wp:attachment":[{"href":"https:\/\/theatre-des-loges.fr\/index.php\/wp-json\/wp\/v2\/media?parent=21"}],"curies":[{"name":"wp","href":"https:\/\/api.w.org\/{rel}","templated":true}]}}

<div class="wp-block-columns is-layout-flex wp-container-core-columns-is-layout-401bc43b wp-block-columns-is-layout-flex" style="margin-top:0;margin-bottom:0;padding-top:0;padding-bottom:0">
<div class="wp-block-column is-layout-flow wp-block-column-is-layout-flow" style="padding-top:var(--wp--preset--spacing--10);padding-right:0;padding-bottom:var(--wp--preset--spacing--10);padding-left:0">
<h4 class="wp-block-heading has-text-align-center" style="padding-right:var(--wp--preset--spacing--10);padding-left:var(--wp--preset--spacing--10)">La genèse, le chemin, les choix de la Troupe<br>ou trente-huit ans de chances…</h4>



<p></p>



<p class="has-drop-cap">Au début de l’an 1988, à ma surprise, j’étais invité par l’organisateur du festival de musique classique de mon village (Louvie-Juzon, dans les Pyrénées Atlantiques) dit «&nbsp;Les Estives Musicales Internationales&nbsp;», à songer à un spectacle théâtral qui trouverait place dans la programmation de l’été 1989. Un été où la France entière fêterait gaillardement le bicentenaire de la Révolution Française&#8230; Des crédits seraient lâchés de toutes parts ! Mais, à Paris, je n’étais qu’un acteur à «&nbsp;son propre compte&nbsp;» et je n’avais aucune velléité de mise en scène. De plus, le sujet obligé de la Révolution ne m’inspirait guère. Je déclinais la proposition.</p>



<p>Quelques mois plus tard, alors que j’avais pris le poste de professeur de théâtre dans une école de la capitale, je découvrais une pièce d’Arthur Schnitzler, intitulée <strong><em>Au Perroquet Vert</em></strong><em>.</em> Elle avait pour toile de fond la prise de la Bastille et racontait l’histoire d’une bande d’histrions aux prises avec la noblesse du XVIII<sup>ème</sup> siècle&#8230; Tiens&nbsp;! Je l’avais mon spectacle pour mon village&nbsp;! Et – ô miracle&nbsp;! – je pouvais, puisant dans le vivier de ma classe, imaginer la distribution des rôles&#8230; Je reprenais langue avec le directeur du festival et nous topions&nbsp;! Voilà comment, inopinément, je venais de créer la Troupe du Théâtre des Loges.</p>



<p>Au mois de mai 1989, elle vivait son premier rendez-vous avec le Public. Parce que je n’avais pas eu les droits d’exploitation de la pièce de Schnitzler, je la rebaptisais, en l’adaptant quelque peu, <strong><em>Le Rideau Déchiré</em></strong><em>. </em>La fougue, la joie, l’insouciance, la générosité étaient les marques de la Troupe. A-t-on su conserver ces vertus&nbsp;?</p>



<p>Une fois passé le bicentenaire, sur les conseils d&rsquo;Antonio Diaz-Florian, mon maître de l&rsquo;Epée de Bois (Cartoucherie de Vincennes) à qui je dis mon éternelle reconnaissance, j&#8217;embrayais sur un nouveau spectacle : <strong><em>Les acteurs de bonne foi</em></strong> de Marivaux. Un titre prémonitoire ? Ma foi, ceux qui nous connaissent en jugeront&#8230;</p>



<p>Les années ont suivi et les spectacles aussi. «&nbsp;L’esprit de troupe&nbsp;» nous a pris&nbsp;; nous l’avons chevillé à l’âme&nbsp;; on a découvert, je crois, les règles essentielles à respecter, les bagarres à mener pour ne jamais le trahir. Nous nous y appliquons mais la chose est dure, complexe.&nbsp;Le choix des œuvres que nous jouons n’est pas le fruit du hasard mais celui de nos envies, de nos besoins, de notre réflexion, de notre instinct<em>. </em>Le poète demeurant le patron, le guide.</p>



<p>De nombreux spectateurs nous sont fidèles ; nous avons cette chance. Chacun de nos spectacles est ainsi l’occasion de belles retrouvailles. En costume, nous allons dans les rues, sur les marchés, aux abords des terrasses, jusque dans le métro ou les campings, saluer les passants, pour leur dire, quand ils ne les connaîtraient pas, les plaisirs et les bienfaits du Théâtre. Sur ces pavés, sachant son ridicule merveilleux, nous affichons la noblesse du métier. Nous défendons un théâtre sans ambages, affirmé, généreux, jubilatoire. La&nbsp;<em>distraction</em>&nbsp;du Public est notre seul désir.</p>



<figure class="wp-block-gallery has-nested-images columns-5 is-cropped wp-block-gallery-1 is-layout-flex wp-block-gallery-is-layout-flex">
<figure class="wp-block-image size-full"><img loading="lazy" decoding="async" width="550" height="785" data-id="494" src="https://theatre-des-loges.fr/wp-content/uploads/2025/12/garcia-lorca.jpg" alt="Federico Garcia-Lorca" class="wp-image-494" title="Federico Garcia-Lorca" srcset="https://theatre-des-loges.fr/wp-content/uploads/2025/12/garcia-lorca.jpg 550w, https://theatre-des-loges.fr/wp-content/uploads/2025/12/garcia-lorca-210x300.jpg 210w" sizes="auto, (max-width: 550px) 100vw, 550px" /></figure>



<figure class="wp-block-image size-full"><img loading="lazy" decoding="async" width="974" height="1161" data-id="492" src="https://theatre-des-loges.fr/wp-content/uploads/2025/12/alfred-de-musset.jpg" alt="Alfred de Musset" class="wp-image-492" title="Alfred de Musset" srcset="https://theatre-des-loges.fr/wp-content/uploads/2025/12/alfred-de-musset.jpg 974w, https://theatre-des-loges.fr/wp-content/uploads/2025/12/alfred-de-musset-252x300.jpg 252w, https://theatre-des-loges.fr/wp-content/uploads/2025/12/alfred-de-musset-859x1024.jpg 859w, https://theatre-des-loges.fr/wp-content/uploads/2025/12/alfred-de-musset-768x915.jpg 768w" sizes="auto, (max-width: 974px) 100vw, 974px" /></figure>



<figure class="wp-block-image size-full is-style-default" style="margin-top:0;margin-right:0;margin-bottom:0;margin-left:0"><img loading="lazy" decoding="async" width="1000" height="500" data-id="495" src="https://theatre-des-loges.fr/wp-content/uploads/2025/12/moliere.jpeg" alt="Molière" class="wp-image-495" title="Molière" srcset="https://theatre-des-loges.fr/wp-content/uploads/2025/12/moliere.jpeg 1000w, https://theatre-des-loges.fr/wp-content/uploads/2025/12/moliere-300x150.jpeg 300w, https://theatre-des-loges.fr/wp-content/uploads/2025/12/moliere-768x384.jpeg 768w" sizes="auto, (max-width: 1000px) 100vw, 1000px" /></figure>



<figure class="wp-block-image size-full"><img loading="lazy" decoding="async" width="1200" height="834" data-id="491" src="https://theatre-des-loges.fr/wp-content/uploads/2025/12/William-Shakespeare.webp" alt="William Shakespeare" class="wp-image-491" title="William Shakespeare" srcset="https://theatre-des-loges.fr/wp-content/uploads/2025/12/William-Shakespeare.webp 1200w, https://theatre-des-loges.fr/wp-content/uploads/2025/12/William-Shakespeare-300x209.webp 300w, https://theatre-des-loges.fr/wp-content/uploads/2025/12/William-Shakespeare-1024x712.webp 1024w, https://theatre-des-loges.fr/wp-content/uploads/2025/12/William-Shakespeare-768x534.webp 768w" sizes="auto, (max-width: 1200px) 100vw, 1200px" /></figure>



<figure class="wp-block-image size-full"><img loading="lazy" decoding="async" width="747" height="747" data-id="580" src="https://theatre-des-loges.fr/wp-content/uploads/2025/12/Anton-Chekhov-1-edited.jpeg" alt="Anton Tchekhov" class="wp-image-580" title="Anton Tchekhov" srcset="https://theatre-des-loges.fr/wp-content/uploads/2025/12/Anton-Chekhov-1-edited.jpeg 747w, https://theatre-des-loges.fr/wp-content/uploads/2025/12/Anton-Chekhov-1-edited-300x300.jpeg 300w, https://theatre-des-loges.fr/wp-content/uploads/2025/12/Anton-Chekhov-1-edited-150x150.jpeg 150w" sizes="auto, (max-width: 747px) 100vw, 747px" /></figure>
<figcaption class="blocks-gallery-caption wp-element-caption"><em><strong>Toujours, le poète est le patron</strong></em></figcaption></figure>
</div>
</div>

<p>La genèse, le chemin, les choix de la Troupeou ans de chances… Au début de l’an 1988, à ma surprise, j’étais invité par l’organisateur du festival de musique classique de mon village (Louvie-Juzon, dans les Pyrénées Atlantiques) dit «&nbsp;Les Estives Musicales Internationales&nbsp;», à songer à un spectacle théâtral qui trouverait place dans la programmation de [&hellip;]</p>
